Last updated on 2024-06-19 20:58:28 CEST.
Flavor | Version | Tinstall | Tcheck | Ttotal | Status | Flags |
---|---|---|---|---|---|---|
r-devel-linux-x86_64-debian-clang | 2.2.7 | 54.84 | 131.59 | 186.43 | NOTE | |
r-devel-linux-x86_64-debian-gcc | 2.2.7 | 34.10 | 94.28 | 128.38 | NOTE | |
r-devel-linux-x86_64-fedora-clang | 2.2.7 | 236.40 | NOTE | |||
r-devel-linux-x86_64-fedora-gcc | 2.2.7 | 233.85 | NOTE | |||
r-devel-windows-x86_64 | 2.2.7 | 42.00 | 137.00 | 179.00 | NOTE | |
r-patched-linux-x86_64 | 2.2.7 | 43.92 | 126.35 | 170.27 | NOTE | |
r-release-linux-x86_64 | 2.2.7 | 37.51 | 127.81 | 165.32 | NOTE | |
r-release-macos-arm64 | 2.2.7 | 59.00 | NOTE | |||
r-release-macos-x86_64 | 2.2.7 | 145.00 | NOTE | |||
r-release-windows-x86_64 | 2.2.7 | 45.00 | 144.00 | 189.00 | NOTE | |
r-oldrel-macos-arm64 | 2.2.7 | 58.00 | OK | |||
r-oldrel-macos-x86_64 | 2.2.7 | 102.00 | OK | |||
r-oldrel-windows-x86_64 | 2.2.7 | 51.00 | 165.00 | 216.00 | OK |
Version: 2.2.7
Check: Rd files
Result: NOTE
checkRd: (-1) plot.dma.Rd:46: Lost braces; missing escapes or markup?
46 | If {x} comes from estimation of Dynamic Model Selection (DMS) or Median Probability Model (MED), after executing \code{plot} the User is asked to choose
| ^
Flavors: r-devel-linux-x86_64-debian-clang, r-devel-linux-x86_64-debian-gcc, r-devel-linux-x86_64-fedora-clang, r-devel-linux-x86_64-fedora-gcc, r-devel-windows-x86_64, r-patched-linux-x86_64, r-release-linux-x86_64, r-release-macos-arm64, r-release-macos-x86_64, r-release-windows-x86_64