Last updated on 2025-07-13 04:48:46 CEST.
Flavor | Version | Tinstall | Tcheck | Ttotal | Status | Flags |
---|---|---|---|---|---|---|
r-devel-linux-x86_64-debian-clang | 0.9-1 | 46.65 | 69.84 | 116.49 | OK | |
r-devel-linux-x86_64-debian-gcc | 0.9-1 | 36.37 | 55.43 | 91.80 | OK | |
r-devel-linux-x86_64-fedora-clang | 0.9-1 | 200.51 | OK | |||
r-devel-linux-x86_64-fedora-gcc | 0.9-1 | 210.97 | OK | |||
r-devel-windows-x86_64 | 0.9-1 | 50.00 | 109.00 | 159.00 | OK | |
r-patched-linux-x86_64 | 0.9-1 | 51.85 | 70.75 | 122.60 | OK | |
r-release-linux-x86_64 | 0.9-1 | 50.04 | 70.18 | 120.22 | OK | |
r-release-macos-arm64 | 0.9-1 | 75.00 | OK | |||
r-release-macos-x86_64 | 0.9-1 | 122.00 | OK | |||
r-release-windows-x86_64 | 0.9-1 | 52.00 | 117.00 | 169.00 | OK | |
r-oldrel-macos-arm64 | 0.9-1 | 62.00 | NOTE | |||
r-oldrel-macos-x86_64 | 0.9-1 | 145.00 | NOTE | |||
r-oldrel-windows-x86_64 | 0.9-1 | 63.00 | 131.00 | 194.00 | OK |
Version: 0.9-1
Check: installed package size
Result: NOTE
installed size is 11.8Mb
sub-directories of 1Mb or more:
libs 11.5Mb
Flavors: r-oldrel-macos-arm64, r-oldrel-macos-x86_64