CRAN Package Check Results for Package fgm

Last updated on 2025-07-13 04:48:46 CEST.

Flavor Version Tinstall Tcheck Ttotal Status Flags
r-devel-linux-x86_64-debian-clang 1.0 12.42 91.82 104.24 NOTE
r-devel-linux-x86_64-debian-gcc 1.0 8.48 66.28 74.76 NOTE
r-devel-linux-x86_64-fedora-clang 1.0 155.08 OK
r-devel-linux-x86_64-fedora-gcc 1.0 146.25 OK
r-devel-windows-x86_64 1.0 12.00 98.00 110.00 OK
r-patched-linux-x86_64 1.0 10.34 83.60 93.94 OK
r-release-linux-x86_64 1.0 9.75 83.64 93.39 OK
r-release-macos-arm64 1.0 44.00 OK
r-release-macos-x86_64 1.0 80.00 OK
r-release-windows-x86_64 1.0 12.00 101.00 113.00 OK
r-oldrel-macos-arm64 1.0 44.00 NOTE
r-oldrel-macos-x86_64 1.0 60.00 NOTE
r-oldrel-windows-x86_64 1.0 15.00 118.00 133.00 NOTE

Check Details

Version: 1.0
Check: CRAN incoming feasibility
Result: NOTE Maintainer: ‘Javier Zapata <jzapata@ucsb.edu>’ The Description field contains Zapata J., Oh S. and Petersen A. (2019) <arXiv:1910.03134>. Please refer to arXiv e-prints via their arXiv DOI <doi:10.48550/arXiv.YYMM.NNNNN>. Flavors: r-devel-linux-x86_64-debian-clang, r-devel-linux-x86_64-debian-gcc

Version: 1.0
Check: LazyData
Result: NOTE 'LazyData' is specified without a 'data' directory Flavors: r-oldrel-macos-arm64, r-oldrel-macos-x86_64, r-oldrel-windows-x86_64