CRAN Package Check Results for Package filecacher

Last updated on 2025-07-13 04:48:46 CEST.

Flavor Version Tinstall Tcheck Ttotal Status Flags
r-devel-linux-x86_64-debian-clang 0.2.9 1.74 29.84 31.58 OK
r-devel-linux-x86_64-debian-gcc 0.2.9 1.49 24.06 25.55 OK
r-devel-linux-x86_64-fedora-clang 0.2.9 45.75 OK
r-devel-linux-x86_64-fedora-gcc 0.2.9 45.03 OK
r-devel-windows-x86_64 0.2.9 3.00 56.00 59.00 OK
r-patched-linux-x86_64 0.2.9 2.02 26.38 28.40 OK
r-release-linux-x86_64 0.2.9 1.85 26.49 28.34 OK
r-release-macos-arm64 0.2.9 22.00 OK
r-release-macos-x86_64 0.2.9 36.00 OK
r-release-windows-x86_64 0.2.9 5.00 60.00 65.00 OK
r-oldrel-macos-arm64 0.2.9 26.00 OK
r-oldrel-macos-x86_64 0.2.9 27.00 NOTE
r-oldrel-windows-x86_64 0.2.9 4.00 59.00 63.00 OK

Check Details

Version: 0.2.9
Check: package dependencies
Result: NOTE Package suggested but not available for checking: ‘arrow’ Flavor: r-oldrel-macos-x86_64