Last updated on 2024-06-05 02:47:49 CEST.
Flavor | Version | Tinstall | Tcheck | Ttotal | Status | Flags |
---|---|---|---|---|---|---|
r-devel-linux-x86_64-debian-clang | 3.5.7 | 6.76 | 35.63 | 42.39 | NOTE | |
r-devel-linux-x86_64-debian-gcc | 3.5.7 | 4.65 | 26.53 | 31.18 | NOTE | |
r-devel-linux-x86_64-fedora-clang | 3.5.7 | 51.00 | NOTE | |||
r-devel-linux-x86_64-fedora-gcc | 3.5.7 | 48.12 | NOTE | |||
r-devel-windows-x86_64 | 3.5.7 | 7.00 | 53.00 | 60.00 | NOTE | |
r-patched-linux-x86_64 | 3.5.7 | 6.29 | 33.37 | 39.66 | NOTE | |
r-release-linux-x86_64 | 3.5.7 | 5.11 | 33.22 | 38.33 | NOTE | |
r-release-macos-arm64 | 3.5.7 | 20.00 | NOTE | |||
r-release-windows-x86_64 | 3.5.7 | 7.00 | 51.00 | 58.00 | NOTE | |
r-oldrel-macos-arm64 | 3.5.7 | 21.00 | NOTE | |||
r-oldrel-macos-x86_64 | 3.5.7 | 28.00 | NOTE | |||
r-oldrel-windows-x86_64 | 3.5.7 | 7.00 | 56.00 | 63.00 | NOTE |
Version: 3.5.7
Check: Rd files
Result: NOTE
checkRd: (-1) bitspec.Rd:8: Escaped LaTeX specials: \&
Flavors: r-devel-linux-x86_64-debian-clang, r-devel-linux-x86_64-debian-gcc, r-devel-linux-x86_64-fedora-clang, r-devel-linux-x86_64-fedora-gcc, r-devel-windows-x86_64, r-patched-linux-x86_64, r-release-linux-x86_64, r-release-macos-arm64, r-release-windows-x86_64, r-oldrel-macos-arm64, r-oldrel-macos-x86_64, r-oldrel-windows-x86_64