CRAN Package Check Results for Package flashCard

Last updated on 2025-07-12 22:49:10 CEST.

Flavor Version Tinstall Tcheck Ttotal Status Flags
r-devel-linux-x86_64-debian-clang 0.1.0 2.41 28.15 30.56 OK
r-devel-linux-x86_64-debian-gcc 0.1.0 1.89 22.17 24.06 OK
r-devel-linux-x86_64-fedora-clang 0.1.0 45.16 OK
r-devel-linux-x86_64-fedora-gcc 0.1.0 56.85 OK
r-devel-windows-x86_64 0.1.0 4.00 45.00 49.00 OK
r-patched-linux-x86_64 0.1.0 2.20 24.87 27.07 OK
r-release-linux-x86_64 0.1.0 2.45 24.63 27.08 OK
r-release-macos-arm64 0.1.0 50.00 OK
r-release-macos-x86_64 0.1.0 64.00 OK
r-release-windows-x86_64 0.1.0 4.00 48.00 52.00 OK
r-oldrel-macos-arm64 0.1.0 23.00 NOTE
r-oldrel-macos-x86_64 0.1.0 35.00 NOTE
r-oldrel-windows-x86_64 0.1.0 5.00 52.00 57.00 NOTE

Check Details

Version: 0.1.0
Check: LazyData
Result: NOTE 'LazyData' is specified without a 'data' directory Flavors: r-oldrel-macos-arm64, r-oldrel-macos-x86_64, r-oldrel-windows-x86_64