Last updated on 2025-07-12 22:49:10 CEST.
Flavor | Version | Tinstall | Tcheck | Ttotal | Status | Flags |
---|---|---|---|---|---|---|
r-devel-linux-x86_64-debian-clang | 0.1.1 | 2.10 | 38.27 | 40.37 | OK | |
r-devel-linux-x86_64-debian-gcc | 0.1.1 | 2.03 | 26.61 | 28.64 | OK | |
r-devel-linux-x86_64-fedora-clang | 0.1.1 | 61.55 | NOTE | |||
r-devel-linux-x86_64-fedora-gcc | 0.1.1 | 59.41 | NOTE | |||
r-devel-windows-x86_64 | 0.1.1 | 4.00 | 64.00 | 68.00 | OK | |
r-patched-linux-x86_64 | 0.1.1 | 2.92 | 34.72 | 37.64 | OK | |
r-release-linux-x86_64 | 0.1.1 | 2.48 | 35.06 | 37.54 | OK | |
r-release-macos-arm64 | 0.1.1 | 23.00 | OK | |||
r-release-macos-x86_64 | 0.1.1 | 42.00 | OK | |||
r-release-windows-x86_64 | 0.1.1 | 5.00 | 67.00 | 72.00 | OK | |
r-oldrel-macos-arm64 | 0.1.1 | 21.00 | NOTE | |||
r-oldrel-macos-x86_64 | 0.1.1 | 32.00 | NOTE | |||
r-oldrel-windows-x86_64 | 0.1.1 | 14.00 | 67.00 | 81.00 | NOTE |
Version: 0.1.1
Check: dependencies in R code
Result: NOTE
Namespace in Imports field not imported from: ‘RCurl’
All declared Imports should be used.
Flavors: r-devel-linux-x86_64-fedora-clang, r-devel-linux-x86_64-fedora-gcc
Version: 0.1.1
Check: LazyData
Result: NOTE
'LazyData' is specified without a 'data' directory
Flavors: r-oldrel-macos-arm64, r-oldrel-macos-x86_64, r-oldrel-windows-x86_64