Last updated on 2025-07-13 10:48:21 CEST.
Flavor | Version | Tinstall | Tcheck | Ttotal | Status | Flags |
---|---|---|---|---|---|---|
r-devel-linux-x86_64-debian-clang | 0.3.4 | 38.48 | 58.97 | 97.45 | NOTE | |
r-devel-linux-x86_64-debian-gcc | 0.3.4 | 31.71 | 44.15 | 75.86 | NOTE | |
r-devel-linux-x86_64-fedora-clang | 0.3.4 | 149.10 | OK | |||
r-devel-linux-x86_64-fedora-gcc | 0.3.4 | 147.61 | OK | |||
r-devel-windows-x86_64 | 0.3.4 | 42.00 | 72.00 | 114.00 | OK | |
r-patched-linux-x86_64 | 0.3.4 | 37.14 | 55.27 | 92.41 | OK | |
r-release-linux-x86_64 | 0.3.4 | 37.11 | 55.46 | 92.57 | OK | |
r-release-macos-arm64 | 0.3.4 | 70.00 | OK | |||
r-release-macos-x86_64 | 0.3.4 | 96.00 | OK | |||
r-release-windows-x86_64 | 0.3.4 | 42.00 | 74.00 | 116.00 | OK | |
r-oldrel-macos-arm64 | 0.3.4 | 56.00 | NOTE | |||
r-oldrel-macos-x86_64 | 0.3.4 | 77.00 | NOTE | |||
r-oldrel-windows-x86_64 | 0.3.4 | 54.00 | 84.00 | 138.00 | NOTE |
Version: 0.3.4
Check: CRAN incoming feasibility
Result: NOTE
Maintainer: ‘Gustavo Carvalho <gustavo.bio@gmail.com>’
No Authors@R field in DESCRIPTION.
Please add one, modifying
Authors@R: person(given = "Gustavo",
family = "Carvalho",
role = c("aut", "cre"),
email = "gustavo.bio@gmail.com")
as necessary.
Flavors: r-devel-linux-x86_64-debian-clang, r-devel-linux-x86_64-debian-gcc
Version: 0.3.4
Check: installed package size
Result: NOTE
installed size is 8.0Mb
sub-directories of 1Mb or more:
R 7.9Mb
Flavors: r-oldrel-macos-arm64, r-oldrel-macos-x86_64, r-oldrel-windows-x86_64