Last updated on 2025-07-12 22:49:10 CEST.
Flavor | Version | Tinstall | Tcheck | Ttotal | Status | Flags |
---|---|---|---|---|---|---|
r-devel-linux-x86_64-debian-clang | 5.1.20 | 8.33 | 281.97 | 290.30 | OK | |
r-devel-linux-x86_64-debian-gcc | 5.1.20 | 5.32 | 167.25 | 172.57 | OK | |
r-devel-linux-x86_64-fedora-clang | 5.1.20 | 242.17 | OK | |||
r-devel-linux-x86_64-fedora-gcc | 5.1.20 | 404.58 | OK | |||
r-devel-windows-x86_64 | 5.0.19 | 9.00 | 281.00 | 290.00 | NOTE | |
r-patched-linux-x86_64 | 5.1.20 | 8.47 | 262.28 | 270.75 | OK | |
r-release-linux-x86_64 | 5.1.20 | 6.99 | 262.57 | 269.56 | OK | |
r-release-macos-arm64 | 5.0.19 | 118.00 | OK | |||
r-release-macos-x86_64 | 5.1.20 | 241.00 | OK | |||
r-release-windows-x86_64 | 5.1.20 | 9.00 | 290.00 | 299.00 | OK | |
r-oldrel-macos-arm64 | 5.0.19 | 107.00 | NOTE | |||
r-oldrel-macos-x86_64 | 5.1.20 | 251.00 | OK | |||
r-oldrel-windows-x86_64 | 5.1.20 | 11.00 | 274.00 | 285.00 | OK |
Version: 5.0.19
Check: Rd cross-references
Result: NOTE
Found the following Rd file(s) with Rd \link{} targets missing package
anchors:
cvts.Rd: forecast
fitted.hybridModel.Rd: accuracy
plot.hybridModel.Rd: autoplot
plotFitted.Rd: autoplot
plotModelObjects.Rd: autoplot
residuals.hybridModel.Rd: accuracy
Please provide package anchors for all Rd \link{} targets not in the
package itself and the base packages.
Flavor: r-devel-windows-x86_64
Version: 5.0.19
Check: LazyData
Result: NOTE
'LazyData' is specified without a 'data' directory
Flavor: r-oldrel-macos-arm64