CRAN Package Check Results for Package gamair

Last updated on 2025-07-13 04:48:47 CEST.

Flavor Version Tinstall Tcheck Ttotal Status Flags
r-devel-linux-x86_64-debian-clang 1.0-2 1.50 68.23 69.73 NOTE
r-devel-linux-x86_64-debian-gcc 1.0-2 1.28 49.54 50.82 NOTE
r-devel-linux-x86_64-fedora-clang 1.0-2 104.05 OK
r-devel-linux-x86_64-fedora-gcc 1.0-2 109.02 OK
r-devel-windows-x86_64 1.0-2 4.00 104.00 108.00 OK
r-patched-linux-x86_64 1.0-2 2.59 64.81 67.40 OK
r-release-linux-x86_64 1.0-2 1.48 65.58 67.06 OK
r-release-macos-arm64 1.0-2 42.00 OK
r-release-macos-x86_64 1.0-2 111.00 OK
r-release-windows-x86_64 1.0-2 6.00 112.00 118.00 OK
r-oldrel-macos-arm64 1.0-2 36.00 OK
r-oldrel-macos-x86_64 1.0-2 94.00 OK
r-oldrel-windows-x86_64 1.0-2 3.00 129.00 132.00 OK

Check Details

Version: 1.0-2
Check: CRAN incoming feasibility
Result: NOTE Maintainer: ‘Simon Wood <simon.wood@r-project.org>’ No Authors@R field in DESCRIPTION. Please add one, modifying Authors@R: person(given = "Simon", family = "Wood", role = c("aut", "cre"), email = "simon.wood@r-project.org") as necessary. Package CITATION file contains call(s) to old-style citEntry(). Please use bibentry() instead. Flavors: r-devel-linux-x86_64-debian-clang, r-devel-linux-x86_64-debian-gcc