Last updated on 2024-06-20 02:57:18 CEST.
Flavor | Version | Tinstall | Tcheck | Ttotal | Status | Flags |
---|---|---|---|---|---|---|
r-devel-linux-x86_64-debian-clang | 0.6.0 | 5.01 | 51.81 | 56.82 | NOTE | |
r-devel-linux-x86_64-debian-gcc | 0.6.0 | 3.19 | 38.80 | 41.99 | NOTE | |
r-devel-linux-x86_64-fedora-clang | 0.6.0 | 74.51 | NOTE | |||
r-devel-linux-x86_64-fedora-gcc | 0.6.0 | 81.36 | NOTE | |||
r-devel-windows-x86_64 | 0.6.0 | 6.00 | 57.00 | 63.00 | NOTE | |
r-patched-linux-x86_64 | 0.6.0 | 5.24 | 49.50 | 54.74 | NOTE | |
r-release-linux-x86_64 | 0.6.0 | 4.75 | 48.70 | 53.45 | NOTE | |
r-release-macos-arm64 | 0.6.0 | 32.00 | NOTE | |||
r-release-macos-x86_64 | 0.6.0 | 45.00 | NOTE | |||
r-release-windows-x86_64 | 0.6.0 | 6.00 | 59.00 | 65.00 | NOTE | |
r-oldrel-macos-arm64 | 0.6.0 | 31.00 | NOTE | |||
r-oldrel-macos-x86_64 | 0.6.0 | 44.00 | NOTE | |||
r-oldrel-windows-x86_64 | 0.6.0 | 7.00 | 64.00 | 71.00 | NOTE |
Version: 0.6.0
Check: package dependencies
Result: NOTE
Package suggested but not available for checking: ‘genderdata’
Flavors: r-devel-linux-x86_64-debian-clang, r-devel-linux-x86_64-debian-gcc, r-devel-linux-x86_64-fedora-clang, r-devel-linux-x86_64-fedora-gcc, r-devel-windows-x86_64, r-patched-linux-x86_64, r-release-linux-x86_64, r-release-macos-arm64, r-release-macos-x86_64, r-release-windows-x86_64, r-oldrel-macos-arm64, r-oldrel-macos-x86_64, r-oldrel-windows-x86_64