CRAN Package Check Results for Package genderBR

Last updated on 2025-07-13 10:48:22 CEST.

Flavor Version Tinstall Tcheck Ttotal Status Flags
r-devel-linux-x86_64-debian-clang 1.1.2 3.17 28.73 31.90 OK
r-devel-linux-x86_64-debian-gcc 1.1.2 2.33 23.59 25.92 OK
r-devel-linux-x86_64-fedora-clang 1.1.2 46.56 NOTE
r-devel-linux-x86_64-fedora-gcc 1.1.2 47.20 NOTE
r-devel-windows-x86_64 1.1.2 4.00 46.00 50.00 OK
r-patched-linux-x86_64 1.1.2 3.20 26.63 29.83 OK
r-release-linux-x86_64 1.1.2 2.92 25.87 28.79 OK
r-release-macos-arm64 1.1.2 23.00 OK
r-release-macos-x86_64 1.1.2 38.00 OK
r-release-windows-x86_64 1.1.2 4.00 49.00 53.00 OK
r-oldrel-macos-arm64 1.1.2 16.00 OK
r-oldrel-macos-x86_64 1.1.2 37.00 OK
r-oldrel-windows-x86_64 1.1.2 5.00 52.00 57.00 OK

Check Details

Version: 1.1.2
Check: dependencies in R code
Result: NOTE Namespace in Imports field not imported from: ‘purrr’ All declared Imports should be used. Flavors: r-devel-linux-x86_64-fedora-clang, r-devel-linux-x86_64-fedora-gcc