Last updated on 2025-07-13 10:48:22 CEST.
Flavor | Version | Tinstall | Tcheck | Ttotal | Status | Flags |
---|---|---|---|---|---|---|
r-devel-linux-x86_64-debian-clang | 1.0.4 | 14.32 | 176.24 | 190.56 | NOTE | |
r-devel-linux-x86_64-debian-gcc | 1.0.4 | 8.38 | 123.01 | 131.39 | NOTE | |
r-devel-linux-x86_64-fedora-clang | 1.0.4 | 339.31 | NOTE | |||
r-devel-linux-x86_64-fedora-gcc | 1.0.4 | 343.57 | NOTE | |||
r-devel-windows-x86_64 | 1.0.4 | 15.00 | 205.00 | 220.00 | NOTE | |
r-patched-linux-x86_64 | 1.0.4 | 16.20 | 185.04 | 201.24 | NOTE | |
r-release-linux-x86_64 | 1.0.4 | 15.22 | 184.44 | 199.66 | NOTE | |
r-release-macos-arm64 | 1.0.4 | 91.00 | NOTE | |||
r-release-macos-x86_64 | 1.0.4 | 175.00 | NOTE | |||
r-release-windows-x86_64 | 1.0.4 | 16.00 | 211.00 | 227.00 | NOTE | |
r-oldrel-macos-arm64 | 1.0.4 | 81.00 | NOTE | |||
r-oldrel-macos-x86_64 | 1.0.4 | 128.00 | NOTE | |||
r-oldrel-windows-x86_64 | 1.0.4 | 23.00 | 255.00 | 278.00 | NOTE |
Version: 1.0.4
Check: package subdirectories
Result: NOTE
Problems with news in ‘NEWS.md’:
No news entries found.
Flavors: r-devel-linux-x86_64-debian-clang, r-devel-linux-x86_64-debian-gcc, r-devel-linux-x86_64-fedora-clang, r-devel-linux-x86_64-fedora-gcc, r-devel-windows-x86_64, r-patched-linux-x86_64, r-release-linux-x86_64, r-release-macos-arm64, r-release-macos-x86_64, r-release-windows-x86_64, r-oldrel-macos-arm64, r-oldrel-macos-x86_64, r-oldrel-windows-x86_64
Version: 1.0.4
Check: for unstated dependencies in ‘demo’
Result: NOTE
'library' or 'require' call not declared from: ‘gridExtra’
Flavors: r-devel-linux-x86_64-debian-clang, r-devel-linux-x86_64-debian-gcc, r-patched-linux-x86_64, r-release-linux-x86_64