Last updated on 2025-07-13 10:48:22 CEST.
Flavor | Version | Tinstall | Tcheck | Ttotal | Status | Flags |
---|---|---|---|---|---|---|
r-devel-linux-x86_64-debian-clang | 0.3.4 | 32.15 | 246.86 | 279.01 | NOTE | |
r-devel-linux-x86_64-debian-gcc | 0.3.4 | 22.40 | 178.40 | 200.80 | NOTE | |
r-devel-linux-x86_64-fedora-clang | 0.3.4 | 504.88 | OK | |||
r-devel-linux-x86_64-fedora-gcc | 0.3.4 | 476.34 | OK | |||
r-devel-windows-x86_64 | 0.3.4 | 30.00 | 207.00 | 237.00 | OK | |
r-patched-linux-x86_64 | 0.3.4 | 33.43 | 267.13 | 300.56 | OK | |
r-release-linux-x86_64 | 0.3.4 | 32.46 | 263.59 | 296.05 | OK | |
r-release-macos-arm64 | 0.3.4 | 117.00 | OK | |||
r-release-macos-x86_64 | 0.3.4 | 209.00 | OK | |||
r-release-windows-x86_64 | 0.3.4 | 30.00 | 218.00 | 248.00 | OK | |
r-oldrel-macos-arm64 | 0.3.4 | 96.00 | OK | |||
r-oldrel-macos-x86_64 | 0.3.4 | 169.00 | OK | |||
r-oldrel-windows-x86_64 | 0.3.4 | 44.00 | 292.00 | 336.00 | OK |
Version: 0.3.4
Check: CRAN incoming feasibility
Result: NOTE
Maintainer: ‘Karsten Donnay <kdonnay@gmx.net>’
No Authors@R field in DESCRIPTION.
Please add one, modifying
Authors@R: c(person(given = "Karsten",
family = "Donnay",
role = c("aut", "cre"),
email = "kdonnay@gmx.net"),
person(given = c("Andrew", "M."),
family = "Linke",
role = "aut"))
as necessary.
Flavors: r-devel-linux-x86_64-debian-clang, r-devel-linux-x86_64-debian-gcc