CRAN Package Check Results for Package getLattes

Last updated on 2025-07-12 22:49:10 CEST.

Flavor Version Tinstall Tcheck Ttotal Status Flags
r-devel-linux-x86_64-debian-clang 0.2.0 5.90 79.71 85.61 NOTE
r-devel-linux-x86_64-debian-gcc 0.2.0 4.44 56.37 60.81 NOTE
r-devel-linux-x86_64-fedora-clang 0.2.0 137.81 NOTE
r-devel-linux-x86_64-fedora-gcc 0.2.0 141.09 NOTE
r-devel-windows-x86_64 0.2.0 9.00 92.00 101.00 OK
r-patched-linux-x86_64 0.2.0 6.34 72.86 79.20 OK
r-release-linux-x86_64 0.2.0 5.35 71.60 76.95 OK
r-release-macos-arm64 0.2.0 46.00 OK
r-release-macos-x86_64 0.2.0 88.00 OK
r-release-windows-x86_64 0.2.0 9.00 97.00 106.00 OK
r-oldrel-macos-arm64 0.2.0 47.00 OK
r-oldrel-macos-x86_64 0.2.0 69.00 OK
r-oldrel-windows-x86_64 0.2.0 11.00 112.00 123.00 OK

Check Details

Version: 0.2.0
Check: CRAN incoming feasibility
Result: NOTE Maintainer: ‘Roney Fraga Souza <roneyfraga@gmail.com>’ Package CITATION file contains call(s) to old-style citEntry(). Please use bibentry() instead. Flavors: r-devel-linux-x86_64-debian-clang, r-devel-linux-x86_64-debian-gcc

Version: 0.2.0
Check: dependencies in R code
Result: NOTE Namespaces in Imports field not imported from: ‘pipeR’ ‘rlang’ All declared Imports should be used. Flavors: r-devel-linux-x86_64-fedora-clang, r-devel-linux-x86_64-fedora-gcc