Last updated on 2024-06-19 20:58:29 CEST.
Flavor | Version | Tinstall | Tcheck | Ttotal | Status | Flags |
---|---|---|---|---|---|---|
r-devel-linux-x86_64-debian-clang | 0.1.4 | 6.48 | 67.59 | 74.07 | OK | |
r-devel-linux-x86_64-debian-gcc | 0.1.4 | 5.08 | 51.08 | 56.16 | OK | |
r-devel-linux-x86_64-fedora-clang | 0.1.4 | 96.54 | NOTE | |||
r-devel-linux-x86_64-fedora-gcc | 0.1.4 | 101.48 | NOTE | |||
r-devel-windows-x86_64 | 0.1.4 | 7.00 | 66.00 | 73.00 | OK | |
r-patched-linux-x86_64 | 0.1.4 | 6.90 | 65.90 | 72.80 | OK | |
r-release-linux-x86_64 | 0.1.4 | 5.75 | 62.15 | 67.90 | OK | |
r-release-macos-arm64 | 0.1.4 | 38.00 | OK | |||
r-release-macos-x86_64 | 0.1.4 | 59.00 | OK | |||
r-release-windows-x86_64 | 0.1.4 | 9.00 | 71.00 | 80.00 | OK | |
r-oldrel-macos-arm64 | 0.1.4 | 36.00 | OK | |||
r-oldrel-macos-x86_64 | 0.1.4 | 59.00 | OK | |||
r-oldrel-windows-x86_64 | 0.1.4 | 9.00 | 77.00 | 86.00 | OK |
Version: 0.1.4
Check: dependencies in R code
Result: NOTE
Namespaces in Imports field not imported from:
‘grDevices’ ‘gtable’
All declared Imports should be used.
Flavors: r-devel-linux-x86_64-fedora-clang, r-devel-linux-x86_64-fedora-gcc