Last updated on 2025-10-31 20:48:40 CET.
| Flavor | Version | Tinstall | Tcheck | Ttotal | Status | Flags | 
|---|---|---|---|---|---|---|
| r-devel-linux-x86_64-debian-clang | 0.3.2 | 16.06 | 161.83 | 177.89 | OK | |
| r-devel-linux-x86_64-debian-gcc | 0.3.2 | 11.46 | 110.54 | 122.00 | OK | |
| r-devel-linux-x86_64-fedora-clang | 0.3.2 | 88.00 | 194.32 | 282.32 | NOTE | |
| r-devel-linux-x86_64-fedora-gcc | 0.3.2 | 36.00 | 230.35 | 266.35 | NOTE | |
| r-devel-windows-x86_64 | 0.3.2 | 18.00 | 155.00 | 173.00 | OK | |
| r-patched-linux-x86_64 | 0.3.2 | 17.15 | 150.45 | 167.60 | OK | |
| r-release-linux-x86_64 | 0.3.2 | 15.12 | 150.02 | 165.14 | OK | |
| r-release-macos-arm64 | 0.3.2 | 6.00 | 51.00 | 57.00 | OK | |
| r-release-macos-x86_64 | 0.3.2 | 15.00 | 119.00 | 134.00 | OK | |
| r-release-windows-x86_64 | 0.3.2 | 19.00 | 156.00 | 175.00 | OK | |
| r-oldrel-macos-arm64 | 0.3.2 | 6.00 | 52.00 | 58.00 | OK | |
| r-oldrel-macos-x86_64 | 0.3.2 | 14.00 | 121.00 | 135.00 | OK | |
| r-oldrel-windows-x86_64 | 0.3.2 | 26.00 | 201.00 | 227.00 | OK | 
Version: 0.3.2
Check: dependencies in R code
Result: NOTE
  Namespaces in Imports field not imported from:
    ‘DT’ ‘Formula’ ‘GGally’ ‘Hmisc’ ‘RPostgres’ ‘colourpicker’ ‘ggpmisc’
    ‘ggpubr’ ‘glue’ ‘gridExtra’ ‘markdown’ ‘patchwork’ ‘plotly’
    ‘quantreg’ ‘shinyFiles’ ‘shinyjqui’ ‘shinyjs’ ‘table1’ ‘zoo’
    All declared Imports should be used.
Flavors: r-devel-linux-x86_64-fedora-clang, r-devel-linux-x86_64-fedora-gcc