Last updated on 2024-05-23 14:48:14 CEST.
Flavor | Version | Tinstall | Tcheck | Ttotal | Status | Flags |
---|---|---|---|---|---|---|
r-devel-linux-x86_64-debian-clang | 1.1-3.2 | 11.19 | 112.26 | 123.45 | OK | |
r-devel-linux-x86_64-debian-gcc | 1.1-3.2 | 12.37 | 80.09 | 92.46 | OK | |
r-devel-linux-x86_64-fedora-clang | 1.1-3.2 | 157.34 | NOTE | |||
r-devel-linux-x86_64-fedora-gcc | 1.1-3.2 | 152.32 | OK | |||
r-devel-windows-x86_64 | 1.1-3.2 | 13.00 | 90.00 | 103.00 | OK | |
r-patched-linux-x86_64 | 1.1-3.2 | 12.29 | 103.12 | 115.41 | OK | |
r-release-linux-x86_64 | 1.1-3.2 | 13.61 | 105.17 | 118.78 | OK | |
r-release-macos-arm64 | 1.1-3.2 | 43.00 | OK | |||
r-release-windows-x86_64 | 1.1-3.2 | 15.00 | 92.00 | 107.00 | OK | |
r-oldrel-macos-arm64 | 1.1-3.2 | 46.00 | OK | |||
r-oldrel-macos-x86_64 | 1.1-3.2 | 71.00 | OK | |||
r-oldrel-windows-x86_64 | 1.1-3.2 | 17.00 | 111.00 | 128.00 | OK |
Version: 1.1-3.2
Check: Rd cross-references
Result: NOTE
Undeclared package ‘sandwich’ in Rd xrefs
Flavor: r-devel-linux-x86_64-fedora-clang