Last updated on 2025-10-17 16:50:11 CEST.
Flavor | Version | Tinstall | Tcheck | Ttotal | Status | Flags |
---|---|---|---|---|---|---|
r-devel-linux-x86_64-debian-clang | 0.16.1 | 3.29 | 35.80 | 39.09 | NOTE | |
r-devel-linux-x86_64-debian-gcc | 0.16.1 | 2.58 | 27.84 | 30.42 | NOTE | |
r-devel-linux-x86_64-fedora-clang | 0.16.1 | 56.68 | OK | |||
r-devel-linux-x86_64-fedora-gcc | 0.16.1 | 54.51 | OK | |||
r-devel-windows-x86_64 | 0.16.1 | 5.00 | 58.00 | 63.00 | OK | |
r-patched-linux-x86_64 | 0.16.1 | 2.91 | 34.30 | 37.21 | OK | |
r-release-linux-x86_64 | 0.16.1 | 3.64 | 34.34 | 37.98 | OK | |
r-release-macos-arm64 | 0.16.1 | 29.00 | OK | |||
r-release-macos-x86_64 | 0.16.1 | 41.00 | OK | |||
r-release-windows-x86_64 | 0.16.1 | 6.00 | 60.00 | 66.00 | OK | |
r-oldrel-macos-arm64 | 0.16.1 | 23.00 | OK | |||
r-oldrel-macos-x86_64 | 0.16.1 | 37.00 | OK | |||
r-oldrel-windows-x86_64 | 0.16.1 | 6.00 | 68.00 | 74.00 | OK |
Version: 0.16.1
Check: CRAN incoming feasibility
Result: NOTE
Maintainer: ‘George Vega Yon <g.vegayon@gmail.com>’
Found the following (possibly) invalid file URI:
URI: publicdata.google.com
From: man/dspl.Rd
Flavors: r-devel-linux-x86_64-debian-clang, r-devel-linux-x86_64-debian-gcc