CRAN Package Check Results for Package graphhopper

Last updated on 2025-07-12 22:49:11 CEST.

Flavor Version Tinstall Tcheck Ttotal Status Flags
r-devel-linux-x86_64-debian-clang 0.1.2 1.49 24.41 25.90 OK
r-devel-linux-x86_64-debian-gcc 0.1.2 1.54 20.11 21.65 OK
r-devel-linux-x86_64-fedora-clang 0.1.2 39.05 OK
r-devel-linux-x86_64-fedora-gcc 0.1.2 46.92 OK
r-devel-windows-x86_64 0.1.2 4.00 51.00 55.00 OK
r-patched-linux-x86_64 0.1.2 2.25 21.75 24.00 OK
r-release-linux-x86_64 0.1.2 1.70 21.78 23.48 OK
r-release-macos-arm64 0.1.2 36.00 OK
r-release-macos-x86_64 0.1.2 38.00 OK
r-release-windows-x86_64 0.1.2 4.00 53.00 57.00 OK
r-oldrel-macos-arm64 0.1.2 21.00 NOTE
r-oldrel-macos-x86_64 0.1.2 31.00 NOTE
r-oldrel-windows-x86_64 0.1.2 5.00 53.00 58.00 NOTE

Check Details

Version: 0.1.2
Check: LazyData
Result: NOTE 'LazyData' is specified without a 'data' directory Flavors: r-oldrel-macos-arm64, r-oldrel-macos-x86_64, r-oldrel-windows-x86_64