Last updated on 2024-06-16 13:53:31 CEST.
Flavor | Version | Tinstall | Tcheck | Ttotal | Status | Flags |
---|---|---|---|---|---|---|
r-devel-linux-x86_64-debian-clang | 0.1.3 | 29.32 | 86.45 | 115.77 | OK | |
r-devel-linux-x86_64-debian-gcc | 0.1.3 | 23.27 | 63.93 | 87.20 | OK | |
r-devel-linux-x86_64-fedora-clang | 0.1.3 | 152.50 | NOTE | |||
r-devel-linux-x86_64-fedora-gcc | 0.1.3 | 144.72 | NOTE | |||
r-devel-windows-x86_64 | 0.1.3 | 28.00 | 94.00 | 122.00 | OK | |
r-patched-linux-x86_64 | 0.1.3 | 29.41 | 82.55 | 111.96 | OK | |
r-release-linux-x86_64 | 0.1.3 | 19.86 | 81.18 | 101.04 | OK | |
r-release-macos-arm64 | 0.1.3 | 44.00 | OK | |||
r-release-macos-x86_64 | 0.1.3 | 71.00 | OK | |||
r-release-windows-x86_64 | 0.1.3 | 26.00 | 94.00 | 120.00 | OK | |
r-oldrel-macos-arm64 | 0.1.3 | 43.00 | OK | |||
r-oldrel-macos-x86_64 | 0.1.3 | 69.00 | OK | |||
r-oldrel-windows-x86_64 | 0.1.3 | 36.00 | 114.00 | 150.00 | OK |
Version: 0.1.3
Check: dependencies in R code
Result: NOTE
Namespaces in Imports field not imported from:
‘DT’ ‘attempt’ ‘corpcor’ ‘glue’ ‘htmltools’ ‘pkgload’ ‘processx’
‘tools’
All declared Imports should be used.
Flavors: r-devel-linux-x86_64-fedora-clang, r-devel-linux-x86_64-fedora-gcc