Last updated on 2024-06-13 06:58:04 CEST.
Flavor | Version | Tinstall | Tcheck | Ttotal | Status | Flags |
---|---|---|---|---|---|---|
r-devel-linux-x86_64-debian-clang | 0.4.6 | 60.51 | 935.73 | 996.24 | OK | |
r-devel-linux-x86_64-debian-gcc | 0.4.6 | 0.44 | 1.87 | 2.31 | ERROR | |
r-devel-linux-x86_64-fedora-clang | 0.4.6 | 1247.93 | OK | |||
r-devel-linux-x86_64-fedora-gcc | 0.4.6 | 1308.12 | OK | |||
r-devel-windows-x86_64 | 0.4.6 | 52.00 | 704.00 | 756.00 | OK | |
r-patched-linux-x86_64 | 0.4.6 | 58.07 | 950.46 | 1008.53 | OK | |
r-release-linux-x86_64 | 0.4.6 | 55.04 | 923.15 | 978.19 | OK | |
r-release-macos-arm64 | 0.4.6 | 320.00 | OK | |||
r-release-macos-x86_64 | 0.4.6 | 567.00 | OK | |||
r-release-windows-x86_64 | 0.4.6 | 51.00 | 745.00 | 796.00 | OK | |
r-oldrel-macos-arm64 | 0.4.6 | 358.00 | OK | |||
r-oldrel-macos-x86_64 | 0.4.6 | 1039.00 | OK | |||
r-oldrel-windows-x86_64 | 0.4.6 | 64.00 | 990.00 | 1054.00 | OK |
Version: 0.4.6
Check: package dependencies
Result: ERROR
Package required but not available: ‘stringr’
Packages suggested but not available for checking:
'testthat', 'ggplot2', 'dplyr', 'tidyr'
See section ‘The DESCRIPTION file’ in the ‘Writing R Extensions’
manual.
Flavor: r-devel-linux-x86_64-debian-gcc