Last updated on 2024-06-19 20:58:29 CEST.
Flavor | Version | Tinstall | Tcheck | Ttotal | Status | Flags |
---|---|---|---|---|---|---|
r-devel-linux-x86_64-debian-clang | 0.3.0 | 35.94 | 309.86 | 345.80 | OK | |
r-devel-linux-x86_64-debian-gcc | 0.3.0 | 21.31 | 210.00 | 231.31 | OK | |
r-devel-linux-x86_64-fedora-clang | 0.3.0 | 414.75 | NOTE | |||
r-devel-linux-x86_64-fedora-gcc | 0.3.0 | 399.49 | NOTE | |||
r-devel-windows-x86_64 | 0.3.0 | 24.00 | 180.00 | 204.00 | OK | |
r-patched-linux-x86_64 | 0.3.0 | 25.72 | 287.56 | 313.28 | OK | |
r-release-linux-x86_64 | 0.3.0 | 27.59 | 286.66 | 314.25 | OK | |
r-release-macos-arm64 | 0.3.0 | 108.00 | OK | |||
r-release-macos-x86_64 | 0.3.0 | 164.00 | OK | |||
r-release-windows-x86_64 | 0.3.0 | 24.00 | 183.00 | 207.00 | OK | |
r-oldrel-macos-arm64 | 0.3.0 | 102.00 | OK | |||
r-oldrel-macos-x86_64 | 0.3.0 | 295.00 | OK | |||
r-oldrel-windows-x86_64 | 0.3.0 | 32.00 | 239.00 | 271.00 | OK |
Version: 0.3.0
Check: data for non-ASCII characters
Result: NOTE
Note: found 7592 marked UTF-8 strings
Flavors: r-devel-linux-x86_64-fedora-clang, r-devel-linux-x86_64-fedora-gcc