Last updated on 2025-07-12 22:49:11 CEST.
Flavor | Version | Tinstall | Tcheck | Ttotal | Status | Flags |
---|---|---|---|---|---|---|
r-devel-linux-x86_64-debian-clang | 0.0.1 | 16.99 | 234.46 | 251.45 | NOTE | |
r-devel-linux-x86_64-debian-gcc | 0.0.1 | 11.04 | 143.16 | 154.20 | NOTE | |
r-devel-linux-x86_64-fedora-clang | 0.0.1 | 374.35 | OK | |||
r-devel-linux-x86_64-fedora-gcc | 0.0.1 | 356.40 | OK | |||
r-devel-windows-x86_64 | 0.0.1 | 18.00 | 219.00 | 237.00 | NOTE | |
r-patched-linux-x86_64 | 0.0.1 | 16.75 | 220.15 | 236.90 | NOTE | |
r-release-linux-x86_64 | 0.0.1 | 15.26 | 225.31 | 240.57 | NOTE | |
r-release-macos-arm64 | 0.0.1 | 122.00 | OK | |||
r-release-macos-x86_64 | 0.0.1 | 200.00 | OK | |||
r-release-windows-x86_64 | 0.0.1 | 17.00 | 230.00 | 247.00 | NOTE | |
r-oldrel-macos-arm64 | 0.0.1 | 77.00 | OK | |||
r-oldrel-macos-x86_64 | 0.0.1 | 153.00 | OK | |||
r-oldrel-windows-x86_64 | 0.0.1 | 25.00 | 300.00 | 325.00 | OK |
Version: 0.0.1
Check: Rd cross-references
Result: NOTE
Found the following Rd file(s) with Rd \link{} targets missing package
anchors:
cure_estimate.Rd: survfit
nonzerocure_test.Rd: survfit
sufficient_fu_test.Rd: survfit
Please provide package anchors for all Rd \link{} targets not in the
package itself and the base packages.
Flavors: r-devel-linux-x86_64-debian-clang, r-devel-linux-x86_64-debian-gcc, r-devel-windows-x86_64, r-patched-linux-x86_64, r-release-linux-x86_64, r-release-windows-x86_64