Last updated on 2025-07-13 04:48:49 CEST.
Flavor | Version | Tinstall | Tcheck | Ttotal | Status | Flags |
---|---|---|---|---|---|---|
r-devel-linux-x86_64-debian-clang | 1.10.0-2 | 667.51 | 38.83 | 706.34 | OK | |
r-devel-linux-x86_64-debian-gcc | 1.10.0-2 | 580.64 | 30.36 | 611.00 | OK | |
r-devel-linux-x86_64-fedora-clang | 1.10.0-2 | 1495.80 | OK | |||
r-devel-linux-x86_64-fedora-gcc | 1.10.0-2 | 1528.29 | OK | |||
r-devel-windows-x86_64 | 1.10.0-2 | 938.00 | 115.00 | 1053.00 | OK | |
r-patched-linux-x86_64 | 1.10.0-2 | 811.84 | 35.26 | 847.10 | OK | |
r-release-linux-x86_64 | 1.10.0-2 | 792.57 | 35.02 | 827.59 | OK | |
r-release-macos-arm64 | 1.10.0-2 | 240.00 | OK | |||
r-release-macos-x86_64 | 1.10.0-2 | 421.00 | OK | |||
r-release-windows-x86_64 | 1.10.0-2 | 970.00 | 118.00 | 1088.00 | OK | |
r-oldrel-macos-arm64 | 1.10.0-2 | 300.00 | NOTE | |||
r-oldrel-macos-x86_64 | 1.10.0-2 | 387.00 | NOTE | |||
r-oldrel-windows-x86_64 | 1.10.0-2 | 892.00 | 133.00 | 1025.00 | NOTE |
Version: 1.10.0-2
Check: installed package size
Result: NOTE
installed size is 57.5Mb
sub-directories of 1Mb or more:
libs 57.3Mb
Flavors: r-oldrel-macos-arm64, r-oldrel-macos-x86_64, r-oldrel-windows-x86_64