CRAN Package Check Results for Package holi

Last updated on 2025-07-13 04:48:49 CEST.

Flavor Version Tinstall Tcheck Ttotal Status Flags
r-devel-linux-x86_64-debian-clang 0.1.1 2.56 48.81 51.37 NOTE
r-devel-linux-x86_64-debian-gcc 0.1.1 1.95 34.38 36.33 NOTE
r-devel-linux-x86_64-fedora-clang 0.1.1 80.89 NOTE
r-devel-linux-x86_64-fedora-gcc 0.1.1 74.67 NOTE
r-devel-windows-x86_64 0.1.1 5.00 67.00 72.00 NOTE
r-patched-linux-x86_64 0.1.1 2.44 46.06 48.50 NOTE
r-release-linux-x86_64 0.1.1 2.12 45.18 47.30 NOTE
r-release-macos-arm64 0.1.1 26.00 NOTE
r-release-macos-x86_64 0.1.1 45.00 NOTE
r-release-windows-x86_64 0.1.1 6.00 68.00 74.00 NOTE
r-oldrel-macos-arm64 0.1.1 27.00 OK
r-oldrel-macos-x86_64 0.1.1 51.00 OK
r-oldrel-windows-x86_64 0.1.1 6.00 81.00 87.00 OK

Check Details

Version: 0.1.1
Check: DESCRIPTION meta-information
Result: NOTE Missing dependency on R >= 4.1.0 because package code uses the pipe |> or function shorthand \(...) syntax added in R 4.1.0. File(s) using such syntax: ‘rstar_glm.Rd’ ‘run_sim_rstar_glm.Rd’ ‘sim_rstar_glm.Rd’ Flavors: r-devel-linux-x86_64-debian-clang, r-devel-linux-x86_64-debian-gcc, r-devel-linux-x86_64-fedora-clang, r-devel-linux-x86_64-fedora-gcc, r-devel-windows-x86_64, r-patched-linux-x86_64, r-release-linux-x86_64, r-release-macos-arm64, r-release-macos-x86_64, r-release-windows-x86_64