Last updated on 2025-07-13 04:48:49 CEST.
Flavor | Version | Tinstall | Tcheck | Ttotal | Status | Flags |
---|---|---|---|---|---|---|
r-devel-linux-x86_64-debian-clang | 0.8.2 | 410.95 | 154.28 | 565.23 | OK | |
r-devel-linux-x86_64-debian-gcc | 0.8.2 | 389.00 | 144.01 | 533.01 | OK | |
r-devel-linux-x86_64-fedora-clang | 0.8.2 | 937.51 | OK | |||
r-devel-linux-x86_64-fedora-gcc | 0.8.2 | 1128.53 | OK | |||
r-devel-windows-x86_64 | 0.8.2 | 459.00 | 252.00 | 711.00 | OK | |
r-patched-linux-x86_64 | 0.8.2 | 542.85 | 196.23 | 739.08 | OK | |
r-release-linux-x86_64 | 0.8.2 | 524.47 | 191.04 | 715.51 | OK | |
r-release-macos-arm64 | 0.8.2 | 221.00 | OK | |||
r-release-macos-x86_64 | 0.8.2 | 264.00 | OK | |||
r-release-windows-x86_64 | 0.8.2 | 488.00 | 258.00 | 746.00 | OK | |
r-oldrel-macos-arm64 | 0.8.2 | 124.00 | NOTE | |||
r-oldrel-macos-x86_64 | 0.8.2 | 131.00 | NOTE | |||
r-oldrel-windows-x86_64 | 0.8.2 | 540.00 | 321.00 | 861.00 | OK |
Version: 0.8.2
Check: installed package size
Result: NOTE
installed size is 90.0Mb
sub-directories of 1Mb or more:
libs 89.5Mb
Flavors: r-oldrel-macos-arm64, r-oldrel-macos-x86_64
Version: 0.8.2
Check: for GNU extensions in Makefiles
Result: NOTE
GNU make is a SystemRequirements.
Flavors: r-oldrel-macos-arm64, r-oldrel-macos-x86_64