Last updated on 2025-07-12 22:49:12 CEST.
Flavor | Version | Tinstall | Tcheck | Ttotal | Status | Flags |
---|---|---|---|---|---|---|
r-devel-linux-x86_64-debian-clang | 1.4.6 | 12.63 | 118.63 | 131.26 | NOTE | |
r-devel-linux-x86_64-debian-gcc | 1.4.6 | 8.27 | 81.68 | 89.95 | NOTE | |
r-devel-linux-x86_64-fedora-clang | 1.4.6 | 207.07 | NOTE | |||
r-devel-linux-x86_64-fedora-gcc | 1.4.6 | 198.66 | NOTE | |||
r-devel-windows-x86_64 | 1.4.6 | 14.00 | 130.00 | 144.00 | NOTE | |
r-patched-linux-x86_64 | 1.4.6 | 12.05 | 110.26 | 122.31 | NOTE | |
r-release-linux-x86_64 | 1.4.6 | 11.43 | 110.58 | 122.01 | NOTE | |
r-release-macos-arm64 | 1.4.6 | 88.00 | NOTE | |||
r-release-macos-x86_64 | 1.4.6 | 120.00 | NOTE | |||
r-release-windows-x86_64 | 1.4.6 | 14.00 | 133.00 | 147.00 | NOTE | |
r-oldrel-macos-arm64 | 1.4.6 | 58.00 | NOTE | |||
r-oldrel-macos-x86_64 | 1.4.6 | 97.00 | NOTE | |||
r-oldrel-windows-x86_64 | 1.4.6 | 18.00 | 162.00 | 180.00 | NOTE |
Version: 1.4.6
Check: Rd files
Result: NOTE
checkRd: (-1) extractPeriod.Rd:57: Lost braces
57 | NOTE: all the dates in the datalist should follow the format in ?as.Date{base}.
| ^
Flavors: r-devel-linux-x86_64-debian-clang, r-devel-linux-x86_64-debian-gcc, r-devel-linux-x86_64-fedora-clang, r-devel-linux-x86_64-fedora-gcc, r-devel-windows-x86_64, r-patched-linux-x86_64, r-release-linux-x86_64, r-release-macos-arm64, r-release-macos-x86_64, r-release-windows-x86_64, r-oldrel-macos-arm64, r-oldrel-macos-x86_64, r-oldrel-windows-x86_64