Last updated on 2025-07-12 22:49:12 CEST.
Flavor | Version | Tinstall | Tcheck | Ttotal | Status | Flags |
---|---|---|---|---|---|---|
r-devel-linux-x86_64-debian-clang | 1.6.7 | 33.24 | 164.06 | 197.30 | NOTE | |
r-devel-linux-x86_64-debian-gcc | 1.6.7 | 24.10 | 109.19 | 133.29 | NOTE | |
r-devel-linux-x86_64-fedora-clang | 1.6.7 | 318.88 | OK | |||
r-devel-linux-x86_64-fedora-gcc | 1.6.7 | 281.66 | OK | |||
r-devel-windows-x86_64 | 1.6.7 | 36.00 | 169.00 | 205.00 | NOTE | |
r-patched-linux-x86_64 | 1.6.7 | 33.17 | 147.36 | 180.53 | NOTE | |
r-release-linux-x86_64 | 1.6.7 | 29.15 | 150.12 | 179.27 | NOTE | |
r-release-macos-arm64 | 1.6.7 | 90.00 | OK | |||
r-release-macos-x86_64 | 1.6.7 | 143.00 | OK | |||
r-release-windows-x86_64 | 1.6.7 | 37.00 | 176.00 | 213.00 | NOTE | |
r-oldrel-macos-arm64 | 1.6.7 | 75.00 | OK | |||
r-oldrel-macos-x86_64 | 1.6.7 | 114.00 | OK | |||
r-oldrel-windows-x86_64 | 1.6.7 | 49.00 | 213.00 | 262.00 | OK |
Version: 1.6.7
Check: Rd cross-references
Result: NOTE
Found the following Rd file(s) with Rd \link{} targets missing package
anchors:
run.umap.Rd: umap_transform
Please provide package anchors for all Rd \link{} targets not in the
package itself and the base packages.
Flavors: r-devel-linux-x86_64-debian-clang, r-devel-linux-x86_64-debian-gcc, r-devel-windows-x86_64, r-patched-linux-x86_64, r-release-linux-x86_64, r-release-windows-x86_64