Last updated on 2025-07-12 22:49:12 CEST.
Flavor | Version | Tinstall | Tcheck | Ttotal | Status | Flags |
---|---|---|---|---|---|---|
r-devel-linux-x86_64-debian-clang | 1.5 | 10.83 | 93.43 | 104.26 | NOTE | |
r-devel-linux-x86_64-debian-gcc | 1.5 | 9.54 | 77.89 | 87.43 | NOTE | |
r-devel-linux-x86_64-fedora-clang | 1.5 | 174.09 | OK | |||
r-devel-linux-x86_64-fedora-gcc | 1.5 | 152.31 | OK | |||
r-devel-windows-x86_64 | 1.5 | 13.00 | 95.00 | 108.00 | OK | |
r-patched-linux-x86_64 | 1.5 | 11.47 | 86.51 | 97.98 | OK | |
r-release-linux-x86_64 | 1.5 | 12.27 | 86.16 | 98.43 | OK | |
r-release-macos-arm64 | 1.5 | 68.00 | OK | |||
r-release-macos-x86_64 | 1.5 | 99.00 | OK | |||
r-release-windows-x86_64 | 1.5 | 13.00 | 100.00 | 113.00 | OK | |
r-oldrel-macos-arm64 | 1.5 | 55.00 | OK | |||
r-oldrel-macos-x86_64 | 1.5 | 72.00 | OK | |||
r-oldrel-windows-x86_64 | 1.5 | 18.00 | 122.00 | 140.00 | OK |
Version: 1.5
Check: CRAN incoming feasibility
Result: NOTE
Maintainer: ‘Ho Tsung-wu <tsungwu@ntnu.edu.tw>’
No Authors@R field in DESCRIPTION.
Please add one, modifying
Authors@R: person(given = "Ho",
family = "Tsung-wu",
role = c("aut", "cre"),
email = "tsungwu@ntnu.edu.tw")
as necessary.
Flavors: r-devel-linux-x86_64-debian-clang, r-devel-linux-x86_64-debian-gcc