Last updated on 2024-06-19 20:58:30 CEST.
Flavor | Version | Tinstall | Tcheck | Ttotal | Status | Flags |
---|---|---|---|---|---|---|
r-devel-linux-x86_64-debian-clang | 2.0.1 | 18.13 | 157.27 | 175.40 | NOTE | |
r-devel-linux-x86_64-debian-gcc | 2.0.1 | 11.87 | 115.10 | 126.97 | NOTE | |
r-devel-linux-x86_64-fedora-clang | 2.0.1 | 215.52 | NOTE | |||
r-devel-linux-x86_64-fedora-gcc | 2.0.1 | 202.69 | NOTE | |||
r-devel-windows-x86_64 | 2.0.1 | 13.00 | 136.00 | 149.00 | NOTE | |
r-patched-linux-x86_64 | 2.0.1 | 20.06 | 153.80 | 173.86 | NOTE | |
r-release-linux-x86_64 | 2.0.1 | 9.77 | 150.67 | 160.44 | NOTE | |
r-release-macos-arm64 | 2.0.1 | 57.00 | NOTE | |||
r-release-macos-x86_64 | 2.0.1 | 89.00 | NOTE | |||
r-release-windows-x86_64 | 2.0.1 | 14.00 | 135.00 | 149.00 | NOTE | |
r-oldrel-macos-arm64 | 2.0.1 | 60.00 | NOTE | |||
r-oldrel-macos-x86_64 | 2.0.1 | 129.00 | NOTE | |||
r-oldrel-windows-x86_64 | 2.0.1 | 18.00 | 169.00 | 187.00 | NOTE |
Version: 2.0.1
Check: package dependencies
Result: NOTE
Package suggested but not available for checking: ‘surveyspec’
Flavors: r-devel-linux-x86_64-debian-clang, r-devel-linux-x86_64-debian-gcc, r-devel-linux-x86_64-fedora-clang, r-devel-linux-x86_64-fedora-gcc, r-devel-windows-x86_64, r-patched-linux-x86_64, r-release-linux-x86_64, r-release-macos-arm64, r-release-macos-x86_64, r-release-windows-x86_64, r-oldrel-macos-arm64, r-oldrel-macos-x86_64, r-oldrel-windows-x86_64