Last updated on 2025-07-13 04:48:49 CEST.
Flavor | Version | Tinstall | Tcheck | Ttotal | Status | Flags |
---|---|---|---|---|---|---|
r-devel-linux-x86_64-debian-clang | 0.2.1 | 5.80 | 105.24 | 111.04 | NOTE | |
r-devel-linux-x86_64-debian-gcc | 0.3.0 | 4.54 | 74.74 | 79.28 | OK | |
r-devel-linux-x86_64-fedora-clang | 0.3.0 | 179.25 | OK | |||
r-devel-linux-x86_64-fedora-gcc | 0.3.0 | 200.39 | OK | |||
r-devel-windows-x86_64 | 0.2.1 | 9.00 | 118.00 | 127.00 | OK | |
r-patched-linux-x86_64 | 0.2.1 | 6.35 | 101.50 | 107.85 | OK | |
r-release-linux-x86_64 | 0.3.0 | 5.80 | 101.42 | 107.22 | OK | |
r-release-macos-arm64 | 0.2.1 | 59.00 | OK | |||
r-release-macos-x86_64 | 0.3.0 | 123.00 | OK | |||
r-release-windows-x86_64 | 0.3.0 | 9.00 | 125.00 | 134.00 | OK | |
r-oldrel-macos-arm64 | 0.2.1 | 62.00 | OK | |||
r-oldrel-macos-x86_64 | 0.3.0 | 136.00 | OK | |||
r-oldrel-windows-x86_64 | 0.2.1 | 11.00 | 155.00 | 166.00 | OK |
Version: 0.2.1
Check: CRAN incoming feasibility
Result: NOTE
Maintainer: ‘Ottavia M. Epifania <otta.epifania@gmail.com>’
No Authors@R field in DESCRIPTION.
Please add one, modifying
Authors@R: c(person(given = c("Ottavia", "M."),
family = "Epifania",
role = c("aut", "cre"),
email = "otta.epifania@gmail.com"),
person(given = "Pasquale",
family = "Anselmi",
role = "ctb"),
person(given = "Egidio",
family = "Robusto",
role = "ctb"))
as necessary.
Flavor: r-devel-linux-x86_64-debian-clang