CRAN Package Check Results for Package inegiR

Last updated on 2025-07-13 04:48:50 CEST.

Flavor Version Tinstall Tcheck Ttotal Status Flags
r-devel-linux-x86_64-debian-clang 3.0.0 6.40 55.34 61.74 NOTE
r-devel-linux-x86_64-debian-gcc 3.0.0 5.06 39.71 44.77 NOTE
r-devel-linux-x86_64-fedora-clang 3.0.0 96.76 OK
r-devel-linux-x86_64-fedora-gcc 3.0.0 86.23 OK
r-devel-windows-x86_64 3.0.0 8.00 69.00 77.00 OK
r-patched-linux-x86_64 3.0.0 7.53 51.80 59.33 OK
r-release-linux-x86_64 3.0.0 6.36 51.79 58.15 OK
r-release-macos-arm64 3.0.0 34.00 OK
r-release-macos-x86_64 3.0.0 52.00 OK
r-release-windows-x86_64 3.0.0 9.00 72.00 81.00 OK
r-oldrel-macos-arm64 3.0.0 29.00 OK
r-oldrel-macos-x86_64 3.0.0 47.00 OK
r-oldrel-windows-x86_64 3.0.0 11.00 83.00 94.00 OK

Check Details

Version: 3.0.0
Check: CRAN incoming feasibility
Result: NOTE Maintainer: ‘Eduardo Flores <eduardo@enelmargen.org>’ No Authors@R field in DESCRIPTION. Please add one, modifying Authors@R: person(given = "Eduardo", family = "Flores", role = c("aut", "cre"), email = "eduardo@enelmargen.org") as necessary. Flavors: r-devel-linux-x86_64-debian-clang, r-devel-linux-x86_64-debian-gcc