Last updated on 2024-06-19 20:58:30 CEST.
Flavor | Version | Tinstall | Tcheck | Ttotal | Status | Flags |
---|---|---|---|---|---|---|
r-devel-linux-x86_64-debian-clang | 0.1.1 | 13.39 | 224.86 | 238.25 | OK | |
r-devel-linux-x86_64-debian-gcc | 0.1.1 | 10.27 | 166.01 | 176.28 | OK | |
r-devel-linux-x86_64-fedora-clang | 0.1.1 | 306.17 | NOTE | |||
r-devel-linux-x86_64-fedora-gcc | 0.1.1 | 307.05 | NOTE | |||
r-devel-windows-x86_64 | 0.1.1 | 14.00 | 175.00 | 189.00 | OK | |
r-patched-linux-x86_64 | 0.1.1 | 8.75 | 214.70 | 223.45 | OK | |
r-release-linux-x86_64 | 0.1.1 | 8.55 | 212.28 | 220.83 | OK | |
r-release-macos-arm64 | 0.1.1 | 90.00 | OK | |||
r-release-macos-x86_64 | 0.1.1 | 133.00 | OK | |||
r-release-windows-x86_64 | 0.1.1 | 14.00 | 176.00 | 190.00 | OK | |
r-oldrel-macos-arm64 | 0.1.1 | 90.00 | OK | |||
r-oldrel-macos-x86_64 | 0.1.1 | 168.00 | OK | |||
r-oldrel-windows-x86_64 | 0.1.1 | 16.00 | 226.00 | 242.00 | OK |
Version: 0.1.1
Check: dependencies in R code
Result: NOTE
Namespace in Imports field not imported from: ‘moonBook’
All declared Imports should be used.
Flavors: r-devel-linux-x86_64-fedora-clang, r-devel-linux-x86_64-fedora-gcc