Last updated on 2024-06-16 13:53:32 CEST.
Flavor | Version | Tinstall | Tcheck | Ttotal | Status | Flags |
---|---|---|---|---|---|---|
r-devel-linux-x86_64-debian-clang | 0.8.0 | 29.23 | 141.66 | 170.89 | NOTE | |
r-devel-linux-x86_64-debian-gcc | 0.8.0 | 20.48 | 127.41 | 147.89 | NOTE | |
r-devel-linux-x86_64-fedora-clang | 0.8.0 | 248.84 | NOTE | |||
r-devel-linux-x86_64-fedora-gcc | 0.8.0 | 243.72 | NOTE | |||
r-devel-windows-x86_64 | 0.8.0 | 24.00 | 138.00 | 162.00 | NOTE | |
r-patched-linux-x86_64 | 0.8.0 | 24.95 | 164.65 | 189.60 | NOTE | |
r-release-linux-x86_64 | 0.8.0 | 23.48 | 160.11 | 183.59 | NOTE | |
r-release-macos-arm64 | 0.8.0 | 61.00 | NOTE | |||
r-release-macos-x86_64 | 0.8.0 | 121.00 | NOTE | |||
r-release-windows-x86_64 | 0.8.0 | 24.00 | 144.00 | 168.00 | NOTE | |
r-oldrel-macos-arm64 | 0.8.0 | 67.00 | NOTE | |||
r-oldrel-macos-x86_64 | 0.8.0 | 119.00 | NOTE | |||
r-oldrel-windows-x86_64 | 0.8.0 | 26.00 | 175.00 | 201.00 | NOTE |
Version: 0.8.0
Check: LazyData
Result: NOTE
'LazyData' is specified without a 'data' directory
Flavors: r-devel-linux-x86_64-debian-clang, r-devel-linux-x86_64-debian-gcc, r-devel-linux-x86_64-fedora-clang, r-devel-linux-x86_64-fedora-gcc, r-devel-windows-x86_64, r-patched-linux-x86_64, r-release-linux-x86_64, r-release-macos-arm64, r-release-macos-x86_64, r-release-windows-x86_64, r-oldrel-macos-arm64, r-oldrel-macos-x86_64, r-oldrel-windows-x86_64