Last updated on 2025-07-12 22:49:12 CEST.
Flavor | Version | Tinstall | Tcheck | Ttotal | Status | Flags |
---|---|---|---|---|---|---|
r-devel-linux-x86_64-debian-clang | 2.0-0 | 33.78 | 367.32 | 401.10 | NOTE | |
r-devel-linux-x86_64-debian-gcc | 2.0-0 | 22.24 | 244.96 | 267.20 | NOTE | |
r-devel-linux-x86_64-fedora-clang | 2.0-0 | 683.69 | OK | |||
r-devel-linux-x86_64-fedora-gcc | 2.0-0 | 644.81 | OK | |||
r-devel-windows-x86_64 | 2.0-0 | 31.00 | 282.00 | 313.00 | OK | |
r-patched-linux-x86_64 | 2.0-0 | 35.91 | 349.59 | 385.50 | OK | |
r-release-linux-x86_64 | 2.0-0 | 35.28 | 346.30 | 381.58 | OK | |
r-release-macos-arm64 | 2.0-0 | 173.00 | OK | |||
r-release-macos-x86_64 | 2.0-0 | 357.00 | OK | |||
r-release-windows-x86_64 | 2.0-0 | 30.00 | 291.00 | 321.00 | OK | |
r-oldrel-macos-arm64 | 2.0-0 | 145.00 | OK | |||
r-oldrel-macos-x86_64 | 2.0-0 | 234.00 | OK | |||
r-oldrel-windows-x86_64 | 2.0-0 | 44.00 | 391.00 | 435.00 | OK |
Version: 2.0-0
Check: CRAN incoming feasibility
Result: NOTE
Maintainer: ‘Jemma Stachelek <jemma.stachelek@gmail.com>’
Package CITATION file contains call(s) to old-style personList() or
as.personList(). Please use c() on person objects instead.
Package CITATION file contains call(s) to old-style citEntry(). Please
use bibentry() instead.
Flavors: r-devel-linux-x86_64-debian-clang, r-devel-linux-x86_64-debian-gcc