Last updated on 2025-07-13 04:48:50 CEST.
Flavor | Version | Tinstall | Tcheck | Ttotal | Status | Flags |
---|---|---|---|---|---|---|
r-devel-linux-x86_64-debian-clang | 1.3.1 | 7.82 | 126.98 | 134.80 | OK | |
r-devel-linux-x86_64-debian-gcc | 1.3.1 | 4.92 | 94.80 | 99.72 | OK | |
r-devel-linux-x86_64-fedora-clang | 1.3.1 | 193.82 | OK | |||
r-devel-linux-x86_64-fedora-gcc | 1.3.1 | 200.10 | OK | |||
r-devel-windows-x86_64 | 1.3.1 | 11.00 | 125.00 | 136.00 | OK | |
r-patched-linux-x86_64 | 1.3.1 | 7.62 | 118.54 | 126.16 | OK | |
r-release-linux-x86_64 | 1.3.1 | 7.91 | 119.02 | 126.93 | OK | |
r-release-macos-arm64 | 1.3.1 | 57.00 | OK | |||
r-release-macos-x86_64 | 1.3.1 | 105.00 | OK | |||
r-release-windows-x86_64 | 1.3.1 | 11.00 | 132.00 | 143.00 | OK | |
r-oldrel-macos-arm64 | 1.3.1 | 68.00 | NOTE | |||
r-oldrel-macos-x86_64 | 1.3.1 | 121.00 | NOTE | |||
r-oldrel-windows-x86_64 | 1.3.1 | 15.00 | 150.00 | 165.00 | NOTE |
Version: 1.3.1
Check: installed package size
Result: NOTE
installed size is 6.2Mb
sub-directories of 1Mb or more:
doc 2.0Mb
extdata 3.3Mb
Flavors: r-oldrel-macos-arm64, r-oldrel-macos-x86_64, r-oldrel-windows-x86_64