CRAN Package Check Results for Package jointCalib

Last updated on 2025-07-13 10:48:24 CEST.

Flavor Version Tinstall Tcheck Ttotal Status Flags
r-devel-linux-x86_64-debian-clang 0.1.0 1.88 24.64 26.52 NOTE
r-devel-linux-x86_64-debian-gcc 0.1.0 1.47 19.59 21.06 NOTE
r-devel-linux-x86_64-fedora-clang 0.1.0 40.58 OK
r-devel-linux-x86_64-fedora-gcc 0.1.0 39.06 OK
r-devel-windows-x86_64 0.1.0 3.00 43.00 46.00 OK
r-patched-linux-x86_64 0.1.0 2.14 22.18 24.32 OK
r-release-linux-x86_64 0.1.0 1.92 22.07 23.99 OK
r-release-macos-arm64 0.1.0 19.00 OK
r-release-macos-x86_64 0.1.0 30.00 OK
r-release-windows-x86_64 0.1.0 3.00 45.00 48.00 OK
r-oldrel-macos-arm64 0.1.0 17.00 OK
r-oldrel-macos-x86_64 0.1.0 23.00 OK
r-oldrel-windows-x86_64 0.1.0 4.00 48.00 52.00 OK

Check Details

Version: 0.1.0
Check: CRAN incoming feasibility
Result: NOTE Maintainer: ‘Maciej Beręsewicz <maciej.beresewicz@ue.poznan.pl>’ The Description field contains details <arXiv:2308.13281>. Please refer to arXiv e-prints via their arXiv DOI <doi:10.48550/arXiv.YYMM.NNNNN>. Flavors: r-devel-linux-x86_64-debian-clang, r-devel-linux-x86_64-debian-gcc