CRAN Package Check Results for Package jointMeanCov

Last updated on 2025-07-12 22:49:13 CEST.

Flavor Version Tinstall Tcheck Ttotal Status Flags
r-devel-linux-x86_64-debian-clang 0.1.0 1.93 21.42 23.35 OK
r-devel-linux-x86_64-debian-gcc 0.1.0 1.44 16.78 18.22 OK
r-devel-linux-x86_64-fedora-clang 0.1.0 35.87 OK
r-devel-linux-x86_64-fedora-gcc 0.1.0 31.38 OK
r-devel-windows-x86_64 0.1.0 3.00 43.00 46.00 OK
r-patched-linux-x86_64 0.1.0 1.80 19.77 21.57 OK
r-release-linux-x86_64 0.1.0 2.09 19.80 21.89 OK
r-release-macos-arm64 0.1.0 18.00 OK
r-release-macos-x86_64 0.1.0 29.00 OK
r-release-windows-x86_64 0.1.0 4.00 45.00 49.00 OK
r-oldrel-macos-arm64 0.1.0 16.00 NOTE
r-oldrel-macos-x86_64 0.1.0 22.00 NOTE
r-oldrel-windows-x86_64 0.1.0 4.00 49.00 53.00 NOTE

Check Details

Version: 0.1.0
Check: LazyData
Result: NOTE 'LazyData' is specified without a 'data' directory Flavors: r-oldrel-macos-arm64, r-oldrel-macos-x86_64, r-oldrel-windows-x86_64