Last updated on 2025-11-05 03:50:12 CET.
| Flavor | Version | Tinstall | Tcheck | Ttotal | Status | Flags |
|---|---|---|---|---|---|---|
| r-devel-linux-x86_64-debian-clang | 1.2.7 | 9.44 | 192.37 | 201.81 | OK | |
| r-devel-linux-x86_64-debian-gcc | 1.2.7 | 6.50 | 131.93 | 138.43 | OK | |
| r-devel-linux-x86_64-fedora-clang | 1.2.7 | 43.00 | 279.60 | 322.60 | OK | |
| r-devel-linux-x86_64-fedora-gcc | 1.2.7 | 21.00 | 280.18 | 301.18 | OK | |
| r-devel-windows-x86_64 | 1.2.7 | 14.00 | 205.00 | 219.00 | OK | |
| r-patched-linux-x86_64 | 1.2.7 | 10.26 | 185.35 | 195.61 | OK | |
| r-release-linux-x86_64 | 1.2.7 | 8.53 | 186.11 | 194.64 | OK | |
| r-release-macos-arm64 | 1.2.7 | 5.00 | 100.00 | 105.00 | OK | |
| r-release-macos-x86_64 | 1.2.7 | 9.00 | 184.00 | 193.00 | OK | |
| r-release-windows-x86_64 | 1.2.7 | 12.00 | 203.00 | 215.00 | OK | |
| r-oldrel-macos-arm64 | 1.2.7 | 6.00 | 98.00 | 104.00 | NOTE | |
| r-oldrel-macos-x86_64 | 1.2.7 | 7.00 | 196.00 | 203.00 | NOTE | |
| r-oldrel-windows-x86_64 | 1.2.7 | 18.00 | 275.00 | 293.00 | NOTE |
Version: 1.2.7
Check: installed package size
Result: NOTE
installed size is 10.8Mb
sub-directories of 1Mb or more:
doc 9.9Mb
Flavors: r-oldrel-macos-arm64, r-oldrel-macos-x86_64, r-oldrel-windows-x86_64