Last updated on 2024-06-10 10:58:47 CEST.
Flavor | Version | Tinstall | Tcheck | Ttotal | Status | Flags |
---|---|---|---|---|---|---|
r-devel-linux-x86_64-debian-clang | 1.4.0 | 115.69 | 226.58 | 342.27 | OK | |
r-devel-linux-x86_64-debian-gcc | 1.4.0 | 71.41 | 165.11 | 236.52 | OK | |
r-devel-linux-x86_64-fedora-clang | 1.4.0 | 442.12 | OK | |||
r-devel-linux-x86_64-fedora-gcc | 1.4.0 | 446.36 | OK | |||
r-devel-windows-x86_64 | 1.4.0 | 78.00 | 231.00 | 309.00 | NOTE | |
r-patched-linux-x86_64 | 1.4.0 | 73.04 | 215.67 | 288.71 | OK | |
r-release-linux-x86_64 | 1.4.0 | 64.83 | 218.41 | 283.24 | OK | |
r-release-macos-arm64 | 1.4.0 | 119.00 | NOTE | |||
r-release-macos-x86_64 | 1.4.0 | 172.00 | NOTE | |||
r-release-windows-x86_64 | 1.4.0 | 77.00 | 240.00 | 317.00 | NOTE | |
r-oldrel-macos-arm64 | 1.4.0 | 139.00 | NOTE | |||
r-oldrel-macos-x86_64 | 1.4.0 | 250.00 | NOTE | |||
r-oldrel-windows-x86_64 | 1.4.0 | 99.00 | 277.00 | 376.00 | NOTE |
Version: 1.4.0
Check: installed package size
Result: NOTE
installed size is 5.7Mb
sub-directories of 1Mb or more:
doc 1.8Mb
libs 1.7Mb
Flavors: r-devel-windows-x86_64, r-release-macos-arm64, r-release-macos-x86_64, r-release-windows-x86_64, r-oldrel-macos-arm64, r-oldrel-macos-x86_64, r-oldrel-windows-x86_64