Last updated on 2025-07-13 04:48:51 CEST.
Flavor | Version | Tinstall | Tcheck | Ttotal | Status | Flags |
---|---|---|---|---|---|---|
r-devel-linux-x86_64-debian-clang | 1.5.1 | 61.78 | 175.77 | 237.55 | OK | |
r-devel-linux-x86_64-debian-gcc | 1.5.1 | 44.68 | 130.78 | 175.46 | OK | |
r-devel-linux-x86_64-fedora-clang | 1.5.1 | 394.62 | OK | |||
r-devel-linux-x86_64-fedora-gcc | 1.5.1 | 380.87 | OK | |||
r-devel-windows-x86_64 | 1.5.1 | 68.00 | 227.00 | 295.00 | OK | |
r-patched-linux-x86_64 | 1.5.1 | 60.24 | 171.87 | 232.11 | OK | |
r-release-linux-x86_64 | 1.5.1 | 59.58 | 170.79 | 230.37 | OK | |
r-release-macos-arm64 | 1.5.1 | 216.00 | OK | |||
r-release-macos-x86_64 | 1.5.1 | 261.00 | OK | |||
r-release-windows-x86_64 | 1.5.1 | 70.00 | 250.00 | 320.00 | OK | |
r-oldrel-macos-arm64 | 1.5.1 | 117.00 | NOTE | |||
r-oldrel-macos-x86_64 | 1.5.1 | 264.00 | NOTE | |||
r-oldrel-windows-x86_64 | 1.5.1 | 86.00 | 286.00 | 372.00 | NOTE |
Version: 1.5.1
Check: installed package size
Result: NOTE
installed size is 10.1Mb
sub-directories of 1Mb or more:
doc 1.8Mb
libs 5.8Mb
Flavors: r-oldrel-macos-arm64, r-oldrel-macos-x86_64, r-oldrel-windows-x86_64