Last updated on 2025-07-13 04:48:51 CEST.
Flavor | Version | Tinstall | Tcheck | Ttotal | Status | Flags |
---|---|---|---|---|---|---|
r-devel-linux-x86_64-debian-clang | 1.6.2 | 20.87 | 412.07 | 432.94 | OK | |
r-devel-linux-x86_64-debian-gcc | 1.6.2 | 12.80 | 264.45 | 277.25 | OK | |
r-devel-linux-x86_64-fedora-clang | 1.6.2 | 640.55 | OK | |||
r-devel-linux-x86_64-fedora-gcc | 1.6.2 | 621.80 | OK | |||
r-devel-windows-x86_64 | 1.6.1 | 22.00 | 337.00 | 359.00 | NOTE | |
r-patched-linux-x86_64 | 1.6.2 | 26.29 | 355.11 | 381.40 | OK | |
r-release-linux-x86_64 | 1.6.2 | 18.08 | 351.64 | 369.72 | OK | |
r-release-macos-arm64 | 1.6.1 | 665.00 | OK | |||
r-release-macos-x86_64 | 1.6.2 | 326.00 | OK | |||
r-release-windows-x86_64 | 1.6.2 | 24.00 | 396.00 | 420.00 | OK | |
r-oldrel-macos-arm64 | 1.6.1 | 278.00 | NOTE | |||
r-oldrel-macos-x86_64 | 1.6.2 | 330.00 | NOTE | |||
r-oldrel-windows-x86_64 | 1.6.2 | 31.00 | 447.00 | 478.00 | OK |
Version: 1.6.1
Check: Rd cross-references
Result: NOTE
Found the following Rd file(s) with Rd \link{} targets missing package
anchors:
latrend.Rd: Verbose
latrendBatch.Rd: Verbose
latrendBoot.Rd: Verbose
latrendCV.Rd: Verbose
latrendRep.Rd: Verbose
update.lcModel.Rd: Verbose
Please provide package anchors for all Rd \link{} targets not in the
package itself and the base packages.
Flavor: r-devel-windows-x86_64
Version: 1.6.1
Check: package dependencies
Result: NOTE
Package suggested but not available for checking: ‘mixAK’
Flavor: r-oldrel-macos-arm64
Version: 1.6.1
Check: Rd cross-references
Result: NOTE
Package unavailable to check Rd xrefs: ‘mixAK’
Flavor: r-oldrel-macos-arm64
Version: 1.6.2
Check: package dependencies
Result: NOTE
Package suggested but not available for checking: ‘mixAK’
Flavor: r-oldrel-macos-x86_64
Version: 1.6.2
Check: Rd cross-references
Result: NOTE
Package unavailable to check Rd xrefs: ‘mixAK’
Flavor: r-oldrel-macos-x86_64