Last updated on 2025-07-13 04:48:51 CEST.
Flavor | Version | Tinstall | Tcheck | Ttotal | Status | Flags |
---|---|---|---|---|---|---|
r-devel-linux-x86_64-debian-clang | 2.1.5 | 85.65 | 103.60 | 189.25 | NOTE | |
r-devel-linux-x86_64-debian-gcc | 2.1.5 | 58.01 | 73.91 | 131.92 | NOTE | |
r-devel-linux-x86_64-fedora-clang | 2.1.5 | 345.88 | NOTE | |||
r-devel-linux-x86_64-fedora-gcc | 2.1.5 | 309.81 | NOTE | |||
r-devel-windows-x86_64 | 2.1.5 | 96.00 | 150.00 | 246.00 | NOTE | |
r-patched-linux-x86_64 | 2.1.5 | 86.64 | 97.22 | 183.86 | NOTE | |
r-release-linux-x86_64 | 2.1.5 | 87.11 | 95.54 | 182.65 | NOTE | |
r-release-macos-arm64 | 2.1.5 | 136.00 | NOTE | |||
r-release-macos-x86_64 | 2.1.5 | 194.00 | NOTE | |||
r-release-windows-x86_64 | 2.1.5 | 97.00 | 166.00 | 263.00 | NOTE | |
r-oldrel-macos-arm64 | 2.1.5 | 84.00 | NOTE | |||
r-oldrel-macos-x86_64 | 2.1.5 | 107.00 | NOTE | |||
r-oldrel-windows-x86_64 | 2.1.5 | 114.00 | 182.00 | 296.00 | NOTE |
Version: 2.1.5
Check: C++ specification
Result: NOTE
Specified C++11: please drop specification unless essential
Flavors: r-devel-linux-x86_64-debian-clang, r-devel-linux-x86_64-debian-gcc, r-devel-linux-x86_64-fedora-clang, r-devel-linux-x86_64-fedora-gcc, r-devel-windows-x86_64, r-patched-linux-x86_64, r-release-linux-x86_64, r-release-macos-arm64, r-release-macos-x86_64, r-release-windows-x86_64, r-oldrel-macos-arm64, r-oldrel-macos-x86_64, r-oldrel-windows-x86_64
Version: 2.1.5
Check: installed package size
Result: NOTE
installed size is 5.7Mb
sub-directories of 1Mb or more:
libs 5.0Mb
Flavors: r-oldrel-macos-arm64, r-oldrel-macos-x86_64