Last updated on 2025-07-13 04:48:51 CEST.
Flavor | Version | Tinstall | Tcheck | Ttotal | Status | Flags |
---|---|---|---|---|---|---|
r-devel-linux-x86_64-debian-clang | 1.0.4 | 11.46 | 86.31 | 97.77 | NOTE | |
r-devel-linux-x86_64-debian-gcc | 1.0.4 | 8.72 | 62.10 | 70.82 | NOTE | |
r-devel-linux-x86_64-fedora-clang | 1.0.4 | 149.86 | OK | |||
r-devel-linux-x86_64-fedora-gcc | 1.0.4 | 145.47 | OK | |||
r-devel-windows-x86_64 | 1.0.4 | 13.00 | 97.00 | 110.00 | OK | |
r-patched-linux-x86_64 | 1.0.4 | 11.83 | 81.29 | 93.12 | OK | |
r-release-linux-x86_64 | 1.0.4 | 10.65 | 81.02 | 91.67 | OK | |
r-release-macos-arm64 | 1.0.4 | 49.00 | OK | |||
r-release-macos-x86_64 | 1.0.4 | 130.00 | OK | |||
r-release-windows-x86_64 | 1.0.4 | 13.00 | 104.00 | 117.00 | OK | |
r-oldrel-macos-arm64 | 1.0.4 | 45.00 | OK | |||
r-oldrel-macos-x86_64 | 1.0.4 | 68.00 | OK | |||
r-oldrel-windows-x86_64 | 1.0.4 | 17.00 | 120.00 | 137.00 | OK |
Version: 1.0.4
Check: CRAN incoming feasibility
Result: NOTE
Maintainer: ‘Liam J. Revell <liam.revell@umb.edu>’
No Authors@R field in DESCRIPTION.
Please add one, modifying
Authors@R: person(given = c("Liam", "J."),
family = "Revell",
role = c("aut", "cre"),
email = "liam.revell@umb.edu")
as necessary.
Flavors: r-devel-linux-x86_64-debian-clang, r-devel-linux-x86_64-debian-gcc