Last updated on 2025-07-13 10:48:24 CEST.
Flavor | Version | Tinstall | Tcheck | Ttotal | Status | Flags |
---|---|---|---|---|---|---|
r-devel-linux-x86_64-debian-clang | 0.2.1 | 55.94 | 469.42 | 525.36 | OK | |
r-devel-linux-x86_64-debian-gcc | 0.2.1 | 43.18 | 278.63 | 321.81 | OK | |
r-devel-linux-x86_64-fedora-clang | 0.2.1 | 885.48 | OK | |||
r-devel-linux-x86_64-fedora-gcc | 0.2.1 | 775.51 | OK | |||
r-devel-windows-x86_64 | 0.2.1 | 66.00 | 339.00 | 405.00 | OK | |
r-patched-linux-x86_64 | 0.2.1 | 56.18 | 437.81 | 493.99 | OK | |
r-release-linux-x86_64 | 0.2.1 | 63.89 | 453.29 | 517.18 | OK | |
r-release-macos-arm64 | 0.2.1 | 308.00 | OK | |||
r-release-macos-x86_64 | 0.2.1 | 525.00 | OK | |||
r-release-windows-x86_64 | 0.2.1 | 66.00 | 394.00 | 460.00 | OK | |
r-oldrel-macos-arm64 | 0.2.1 | 172.00 | NOTE | |||
r-oldrel-macos-x86_64 | 0.2.1 | 329.00 | NOTE | |||
r-oldrel-windows-x86_64 | 0.2.1 | 83.00 | 510.00 | 593.00 | NOTE |
Version: 0.2.1
Check: installed package size
Result: NOTE
installed size is 6.0Mb
sub-directories of 1Mb or more:
libs 4.9Mb
Flavors: r-oldrel-macos-arm64, r-oldrel-macos-x86_64
Version: 0.2.1
Check: package dependencies
Result: NOTE
Package suggested but not available for checking: 'doMC'
Flavor: r-oldrel-windows-x86_64