Last updated on 2025-07-13 04:48:51 CEST.
Flavor | Version | Tinstall | Tcheck | Ttotal | Status | Flags |
---|---|---|---|---|---|---|
r-devel-linux-x86_64-debian-clang | 2.3.0 | 46.72 | 125.12 | 171.84 | OK | |
r-devel-linux-x86_64-debian-gcc | 2.3.0 | 34.31 | 85.17 | 119.48 | OK | |
r-devel-linux-x86_64-fedora-clang | 2.3.0 | 295.37 | OK | |||
r-devel-linux-x86_64-fedora-gcc | 2.3.0 | 288.61 | OK | |||
r-devel-windows-x86_64 | 2.3.0 | 56.00 | 160.00 | 216.00 | OK | |
r-patched-linux-x86_64 | 2.3.0 | 50.52 | 115.49 | 166.01 | OK | |
r-release-linux-x86_64 | 2.3.0 | 51.18 | 115.77 | 166.95 | OK | |
r-release-macos-arm64 | 2.2.1 | 93.00 | OK | |||
r-release-macos-x86_64 | 2.3.0 | 166.00 | OK | |||
r-release-windows-x86_64 | 2.3.0 | 59.00 | 169.00 | 228.00 | OK | |
r-oldrel-macos-arm64 | 2.2.1 | 74.00 | OK | |||
r-oldrel-macos-x86_64 | 2.3.0 | 170.00 | OK | |||
r-oldrel-windows-x86_64 | 2.3.0 | 73.00 | 195.00 | 268.00 | NOTE |
Version: 2.3.0
Check: package dependencies
Result: NOTE
Package suggested but not available for checking: 'doMC'
Flavor: r-oldrel-windows-x86_64