CRAN Package Check Results for Package lineupjs

Last updated on 2025-07-12 22:49:13 CEST.

Flavor Version Tinstall Tcheck Ttotal Status Flags
r-devel-linux-x86_64-debian-clang 4.6.0 1.63 27.34 28.97 NOTE
r-devel-linux-x86_64-debian-gcc 4.6.0 1.52 22.19 23.71 NOTE
r-devel-linux-x86_64-fedora-clang 4.6.0 44.12 NOTE
r-devel-linux-x86_64-fedora-gcc 4.6.0 54.96 NOTE
r-devel-windows-x86_64 4.6.0 4.00 49.00 53.00 NOTE
r-patched-linux-x86_64 4.6.0 2.01 24.51 26.52 NOTE
r-release-linux-x86_64 4.6.0 1.76 24.46 26.22 NOTE
r-release-macos-arm64 4.6.0 30.00 NOTE
r-release-macos-x86_64 4.6.0 43.00 NOTE
r-release-windows-x86_64 4.6.0 4.00 52.00 56.00 NOTE
r-oldrel-macos-arm64 4.6.0 26.00 OK
r-oldrel-macos-x86_64 4.6.0 44.00 OK
r-oldrel-windows-x86_64 4.6.0 4.00 54.00 58.00 OK

Check Details

Version: 4.6.0
Check: DESCRIPTION meta-information
Result: NOTE Missing dependency on R >= 4.1.0 because package code uses the pipe |> or function shorthand \(...) syntax added in R 4.1.0. File(s) using such syntax: ‘lineup-shiny.Rd’ ‘taggle-shiny.Rd’ Flavors: r-devel-linux-x86_64-debian-clang, r-devel-linux-x86_64-debian-gcc, r-devel-linux-x86_64-fedora-clang, r-devel-linux-x86_64-fedora-gcc, r-devel-windows-x86_64, r-patched-linux-x86_64, r-release-linux-x86_64, r-release-macos-arm64, r-release-macos-x86_64, r-release-windows-x86_64