Last updated on 2025-10-31 20:48:43 CET.
| Flavor | Version | Tinstall | Tcheck | Ttotal | Status | Flags | 
|---|---|---|---|---|---|---|
| r-devel-linux-x86_64-debian-clang | 1.7-2 | 1.69 | 30.38 | 32.07 | NOTE | |
| r-devel-linux-x86_64-debian-gcc | 1.7-2 | 1.34 | 25.06 | 26.40 | NOTE | |
| r-devel-linux-x86_64-fedora-clang | 1.7-2 | 47.58 | OK | |||
| r-devel-linux-x86_64-fedora-gcc | 1.7-2 | 58.51 | OK | |||
| r-devel-windows-x86_64 | 1.7-2 | 4.00 | 68.00 | 72.00 | NOTE | |
| r-patched-linux-x86_64 | 1.7-2 | 1.62 | 29.27 | 30.89 | NOTE | |
| r-release-linux-x86_64 | 1.7-2 | 1.59 | 29.07 | 30.66 | NOTE | |
| r-release-macos-arm64 | 1.7-2 | 1.00 | 32.00 | 33.00 | OK | |
| r-release-macos-x86_64 | 1.7-2 | 2.00 | 50.00 | 52.00 | OK | |
| r-release-windows-x86_64 | 1.7-2 | 3.00 | 72.00 | 75.00 | NOTE | |
| r-oldrel-macos-arm64 | 1.7-2 | 1.00 | 38.00 | 39.00 | OK | |
| r-oldrel-macos-x86_64 | 1.7-2 | 2.00 | 66.00 | 68.00 | OK | |
| r-oldrel-windows-x86_64 | 1.7-2 | 5.00 | 73.00 | 78.00 | OK | 
Version: 1.7-2
Check: Rd cross-references
Result: NOTE
  Found the following Rd file(s) with Rd \link{} targets missing package
  anchors:
    xtable.lm.beta.Rd: xtable
  Please provide package anchors for all Rd \link{} targets not in the
  package itself and the base packages.
Flavors: r-devel-linux-x86_64-debian-clang, r-devel-linux-x86_64-debian-gcc, r-devel-windows-x86_64, r-patched-linux-x86_64, r-release-linux-x86_64, r-release-windows-x86_64