CRAN Package Check Results for Package lmmpar

Last updated on 2025-07-13 04:48:51 CEST.

Flavor Version Tinstall Tcheck Ttotal Status Flags
r-devel-linux-x86_64-debian-clang 0.1.0 1.68 29.45 31.13 OK
r-devel-linux-x86_64-debian-gcc 0.1.0 1.51 22.96 24.47 OK
r-devel-linux-x86_64-fedora-clang 0.1.0 46.18 NOTE
r-devel-linux-x86_64-fedora-gcc 0.1.0 44.02 NOTE
r-devel-windows-x86_64 0.1.0 2.00 51.00 53.00 OK
r-patched-linux-x86_64 0.1.0 1.82 27.13 28.95 OK
r-release-linux-x86_64 0.1.0 1.63 26.60 28.23 OK
r-release-macos-arm64 0.1.0 22.00 OK
r-release-macos-x86_64 0.1.0 31.00 OK
r-release-windows-x86_64 0.1.0 2.00 55.00 57.00 OK
r-oldrel-macos-arm64 0.1.0 20.00 NOTE
r-oldrel-macos-x86_64 0.1.0 26.00 NOTE
r-oldrel-windows-x86_64 0.1.0 3.00 58.00 61.00 NOTE

Check Details

Version: 0.1.0
Check: dependencies in R code
Result: NOTE Namespace in Imports field not imported from: ‘mnormt’ All declared Imports should be used. Flavors: r-devel-linux-x86_64-fedora-clang, r-devel-linux-x86_64-fedora-gcc

Version: 0.1.0
Check: LazyData
Result: NOTE 'LazyData' is specified without a 'data' directory Flavors: r-oldrel-macos-arm64, r-oldrel-macos-x86_64, r-oldrel-windows-x86_64