Last updated on 2025-07-13 04:48:52 CEST.
Flavor | Version | Tinstall | Tcheck | Ttotal | Status | Flags |
---|---|---|---|---|---|---|
r-devel-linux-x86_64-debian-clang | 0.1.0 | 11.11 | 92.86 | 103.97 | OK | |
r-devel-linux-x86_64-debian-gcc | 0.1.0 | 8.23 | 67.06 | 75.29 | OK | |
r-devel-linux-x86_64-fedora-clang | 0.1.0 | 159.36 | NOTE | |||
r-devel-linux-x86_64-fedora-gcc | 0.1.0 | 145.30 | NOTE | |||
r-devel-windows-x86_64 | 0.1.0 | 12.00 | 98.00 | 110.00 | OK | |
r-patched-linux-x86_64 | 0.1.0 | 11.33 | 89.68 | 101.01 | OK | |
r-release-linux-x86_64 | 0.1.0 | 12.37 | 87.93 | 100.30 | OK | |
r-release-macos-arm64 | 0.1.0 | 53.00 | OK | |||
r-release-macos-x86_64 | 0.1.0 | 117.00 | OK | |||
r-release-windows-x86_64 | 0.1.0 | 13.00 | 103.00 | 116.00 | OK | |
r-oldrel-macos-arm64 | 0.1.0 | 41.00 | OK | |||
r-oldrel-macos-x86_64 | 0.1.0 | 65.00 | OK | |||
r-oldrel-windows-x86_64 | 0.1.0 | 16.00 | 123.00 | 139.00 | OK |
Version: 0.1.0
Check: dependencies in R code
Result: NOTE
Namespace in Imports field not imported from: ‘utils’
All declared Imports should be used.
Flavors: r-devel-linux-x86_64-fedora-clang, r-devel-linux-x86_64-fedora-gcc